{"id":16,"date":"2017-05-12T16:17:59","date_gmt":"2017-05-12T16:17:59","guid":{"rendered":"http:\/\/mero.com.ar\/?page_id=16"},"modified":"2020-10-16T14:10:40","modified_gmt":"2020-10-16T14:10:40","slug":"calidad","status":"publish","type":"page","link":"https:\/\/mero.com.ar\/?page_id=16","title":{"rendered":"CALIDAD"},"content":{"rendered":"<p>[vc_row][vc_column][vc_separator border_width=\u00bb2&#8243;][\/vc_column][\/vc_row][vc_row content_placement=\u00bbtop\u00bb][vc_column width=\u00bb2\/3&#8243;][vc_custom_heading text=\u00bbEl resultado final de nuestros servicios y operaciones est\u00e1 sustentado por nuestro Sistema de Gesti\u00f3n compuesto por:\u00bb use_theme_fonts=\u00bbyes\u00bb font_weight=\u00bb400&#8243; text_transform=\u00bbnone\u00bb sub_heading_character_color=\u00bbrgba(0,0,0,0.4)\u00bb][vc_custom_heading text=\u00bbCalidad \u00bb use_theme_fonts=\u00bbyes\u00bb font_weight=\u00bb400&#8243; text_transform=\u00bbnone\u00bb heading_style=\u00bbheading\u00bb sub_heading_character=\u00bb(ISO 9001:2000) \u00bb sub_heading_character_color=\u00bbrgba(0,0,0,0.4)\u00bb][vc_custom_heading text=\u00bbMedio Ambiente \u00bb use_theme_fonts=\u00bbyes\u00bb font_weight=\u00bb400&#8243; text_transform=\u00bbnone\u00bb heading_style=\u00bbheading\u00bb sub_heading_character=\u00bb(ISO 14001:1996)\u00bb sub_heading_character_color=\u00bbrgba(0,0,0,0.4)\u00bb][vc_custom_heading text=\u00bbSeguridad y Salud Ocupacional\u00bb use_theme_fonts=\u00bbyes\u00bb font_weight=\u00bb400&#8243; text_transform=\u00bbnone\u00bb heading_style=\u00bbheading\u00bb sub_heading_character=\u00bb(IRAM 3800:1998 &#8211; OHSAS 18001:1999)\u00bb sub_heading_character_color=\u00bbrgba(0,0,0,0.4)\u00bb][vc_column_text]La Seguridad y Salud Ocupacional es una parte fundamental de los negocios como as\u00ed tambi\u00e9n un compromiso permanente y prioritario de la Empresa, a trav\u00e9s de la promoci\u00f3n de la Calidad de vida, de productos y servicios, la prevenci\u00f3n de los accidentes de trabajo, el cuidado del Medio Ambiente, mantenimiento y conservaci\u00f3n de los equipos e instalaciones.<br \/>\nPara llevar a la pr\u00e1ctica esta pol\u00edtica en las actividades de mantenimiento de instalaciones de la Actividad Petrolera y Gas\u00edfera, y en el servicio Tribol\u00f3gico de Diagn\u00f3stico de Lubricantes y Combustibles, hemos implementado y mejoramos continuamente un Sistema de Gesti\u00f3n documentado.<\/p>\n<p>Son nuestros principios:<\/p>\n<p>1. Asignar los recursos necesarios por parte de la direccion para cumplimiento de esta politica y de los objetivos y metas establecidos.<\/p>\n<p>2. Implementar Sistemas de Gestion Ambiental, Calidad y Seguridad y Salud Ocupacional que incluyan programas de:<\/p>\n<p>* Prevenir la contaminaci\u00f3n.<br \/>\n* Reducir los riesgos del trabajo y mejorar los ambientes laborales.<br \/>\n* Aumentar la satisfacci\u00f3n de los clientes.<br \/>\n* Controlar y adminitrar el uso de energ\u00eda el\u00e9ctrica, gas, agua y combustible;<br \/>\nreducir la generaci\u00f3n de residuos y asegurar un manejo responsable de los mismos,<br \/>\nreciclar y reutilizar en todo lo posible.<\/p>\n<p>3. Coordinar y Controlar la Mejora a trav\u00e9s de un Programa de Objetivos y Metas, documentado y publicado, liderado por el Presidente, en el que participa todo el personal, de todas las funciones y niveles.<\/p>\n<p>4. Promover la salud y la calidad de vida de los empleados a trav\u00e9s de la capacitaci\u00f3n en distintos \u00f3rdenes.<\/p>\n<p>5. Planificar la gesti\u00f3n de los recursos y procesos para mejorar continuamente la creaci\u00f3n de valor.<\/p>\n<p>6. Cumplir con la Legislaci\u00f3n Aplicable requerida por nuestros Clientes y por las autoridades, nacionales, provinciales y municipales.<\/p>\n<p>7. Mantener a disposici\u00f3n de nuestros Clientes y las Autoridades pertinentes la informaci\u00f3n necesarias respecto de nuestro nivel de desempe\u00f1o ambiental y de seguridad y salud Ocupacional.[\/vc_column_text][vc_empty_space height=\u00bb70px\u00bb][\/vc_column][vc_column width=\u00bb1\/3&#8243; animation_type=\u00bbfadeIn\u00bb][vc_single_image image=\u00bb1874&#8243; alignment=\u00bbcenter\u00bb onclick=\u00bblink_image\u00bb][vc_separator border_width=\u00bb2&#8243; el_width=\u00bb70&#8243;][vc_single_image image=\u00bb1875&#8243; alignment=\u00bbcenter\u00bb onclick=\u00bblink_image\u00bb][vc_separator border_width=\u00bb2&#8243; el_width=\u00bb70&#8243;][vc_single_image image=\u00bb1873&#8243; alignment=\u00bbcenter\u00bb onclick=\u00bblink_image\u00bb][vc_separator border_width=\u00bb2&#8243; el_width=\u00bb70&#8243;][\/vc_column][\/vc_row][vc_row][vc_column][vc_custom_heading text=\u00bbGaler\u00eda de Im\u00e1genes\u00bb use_theme_fonts=\u00bbyes\u00bb font_weight=\u00bb400&#8243; text_transform=\u00bbnone\u00bb heading_style=\u00bbheading\u00bb sub_heading_character_color=\u00bbrgba(0,0,0,0.4)\u00bb][vc_column_text]<\/p>\n<!-- Carousel Style & Script for  gallery-69ff2c7f6ee2c -->\r\n\r\n<script type=\"text\/javascript\">\r\n\/\/ <![CDATA[\r\n\/* START --- Image Carousel --- *\/\r\n\r\njQuery(document).ready(function($) {\r\n\r\n    \r\n    $('.ghozylab-gallery img').each(function(i) {\r\n\r\n        $alt = $(this).attr('alt');\r\n\r\n        \/\/ Replace default title to more fancy :)\r\n        $(this).attr('alt', $alt.replace(\/-|_\/g, ' '));\r\n\r\n        $altnew = $(this).attr('alt').toLowerCase().replace(\/\\b[a-z]\/g, function(letter) {\r\n\r\n            return letter.toUpperCase();\r\n\r\n        });\r\n\r\n        $(this).attr('alt', $altnew);\r\n        \/\/ Compatibility with Zoom Lite Theme Image LazyLoad\r\n        $(this).removeAttr('data-lazy-src');\r\n\r\n    });\r\n\r\n    \r\n    $('#icppreloader-gallery-69ff2c7f6ee2c').fadeOut(300, function() {\r\n        $('#gallery-69ff2c7f6ee2c').fadeIn(300);\r\n        var slider69ff2c7f6ee2c = $('#gallery-69ff2c7f6ee2c').bxSlider({\r\n            auto: true,\r\n            pause: 6000,\r\n            autoHover: true,\r\n            moveSlides: 3,\r\n            minSlides: 3,\r\n            maxSlides: 3,\r\n            slideWidth: 250,\r\n            slideMargin: 10,\r\n            startSlide: 0,\r\n            infiniteLoop: true,\r\n            captions: true,\r\n            captionsMode: 'alt',\r\n            adaptiveHeight: false,\r\n            useCSS: false,\r\n            pager: true,\r\n            easing: 'easeInSine',\r\n            speed: 2500,\r\n            preloadImages: 'all',\r\n            onSlideBefore: function() {\r\n                                $('#gallery-69ff2c7f6ee2c .bx-caption').slideUp();\r\n                            },\r\n            onSlideAfter: function($slideElement, oldIndex, newIndex) {\r\n                                slider69ff2c7f6ee2c.stopAuto();\r\n                slider69ff2c7f6ee2c.startAuto();\r\n                                $('#gallery-69ff2c7f6ee2c .bx-caption').slideDown();\r\n                            }\r\n        });\r\n\r\n    });\r\n});\r\n\r\n\/* END --- Image Carousel --- *\/\r\n\r\n\/\/ ]]>\r\n<\/script>\r\n\r\n<style type=\"text\/css\">\r\n.markup-gallery-69ff2c7f6ee2c .carousel-item img {width: 100%;margin: 0 auto;border:none !important;border-radius: 0px !important;box-shadow:none !important;}.markup-gallery-69ff2c7f6ee2c .bx-controls-direction a {display: none;}.markup-gallery-69ff2c7f6ee2c .bx-wrapper:hover .bx-controls-direction a {display: block;}.markup-gallery-69ff2c7f6ee2c .bx-controls-direction a { display: block !important;}.markup-gallery-69ff2c7f6ee2c .bx-viewport { height: auto !important;}1<\/style>\r\n\r\n\n\t\t<div id='icppreloader-gallery-69ff2c7f6ee2c' class='icpsliderpreloader'><\/div><div class='markup-gallery-69ff2c7f6ee2c'><div style='display:none;' id='gallery-69ff2c7f6ee2c' class='ghozylab-gallery galleryid-16 gallery-size-full'><div class='carousel-item'><a   href='https:\/\/mero.com.ar\/wp-content\/uploads\/2017\/05\/161110_028_s-1024x683.jpg'><img width=\"1024\" height=\"683\" src=\"https:\/\/mero.com.ar\/wp-content\/uploads\/2017\/05\/161110_028_s.jpg\" class=\"attachment-full size-full\" alt=\"\" loading=\"lazy\" \/><\/a><\/div><div class='carousel-item'><a   href='https:\/\/mero.com.ar\/wp-content\/uploads\/2017\/05\/calidad-3-1024x683.jpg'><img width=\"1152\" height=\"768\" src=\"https:\/\/mero.com.ar\/wp-content\/uploads\/2017\/05\/calidad-3.jpg\" class=\"attachment-full size-full\" alt=\"\" loading=\"lazy\" \/><\/a><\/div><div class='carousel-item'><a   href='https:\/\/mero.com.ar\/wp-content\/uploads\/2017\/05\/calidad-4-1024x683.jpg'><img width=\"1024\" height=\"683\" src=\"https:\/\/mero.com.ar\/wp-content\/uploads\/2017\/05\/calidad-4.jpg\" class=\"attachment-full size-full\" alt=\"\" loading=\"lazy\" \/><\/a><\/div><div class='carousel-item'><a   href='https:\/\/mero.com.ar\/wp-content\/uploads\/2017\/05\/calidad-5-1024x683.jpg'><img width=\"1024\" height=\"683\" src=\"https:\/\/mero.com.ar\/wp-content\/uploads\/2017\/05\/calidad-5.jpg\" class=\"attachment-full size-full\" alt=\"\" loading=\"lazy\" \/><\/a><\/div><div class='carousel-item'><a   href='https:\/\/mero.com.ar\/wp-content\/uploads\/2017\/05\/calidad-6-1024x683.jpg'><img width=\"1024\" height=\"683\" src=\"https:\/\/mero.com.ar\/wp-content\/uploads\/2017\/05\/calidad-6.jpg\" class=\"attachment-full size-full\" alt=\"\" loading=\"lazy\" \/><\/a><\/div><div class='carousel-item'><a   href='https:\/\/mero.com.ar\/wp-content\/uploads\/2017\/05\/161117_750-1024x683.jpg'><img width=\"1152\" height=\"768\" src=\"https:\/\/mero.com.ar\/wp-content\/uploads\/2017\/05\/161117_750.jpg\" class=\"attachment-full size-full\" alt=\"\" loading=\"lazy\" \/><\/a><\/div><div class='carousel-item'><a   href='https:\/\/mero.com.ar\/wp-content\/uploads\/2017\/05\/calidad-2-1024x683.jpg'><img width=\"1152\" height=\"768\" src=\"https:\/\/mero.com.ar\/wp-content\/uploads\/2017\/05\/calidad-2.jpg\" class=\"attachment-full size-full\" alt=\"\" loading=\"lazy\" \/><\/a><\/div><div class='carousel-item'><a   href='https:\/\/mero.com.ar\/wp-content\/uploads\/2017\/05\/161110_018_s-683x1024.jpg'><img width=\"683\" height=\"1024\" src=\"https:\/\/mero.com.ar\/wp-content\/uploads\/2017\/05\/161110_018_s.jpg\" class=\"attachment-full size-full\" alt=\"\" loading=\"lazy\" \/><\/a><\/div>\r\n\t\t<\/div><\/div>\n\n<p>[\/vc_column_text][\/vc_column][\/vc_row]<\/p>\n","protected":false},"excerpt":{"rendered":"<p>[vc_row][vc_column][vc_separator border_width=\u00bb2&#8243;][\/vc_column][\/vc_row][vc_row content_placement=\u00bbtop\u00bb][vc_column width=\u00bb2\/3&#8243;][vc_custom_heading text=\u00bbEl resultado final de nuestros servicios y operaciones est\u00e1 sustentado por nuestro Sistema de Gesti\u00f3n compuesto por:\u00bb use_theme_fonts=\u00bbyes\u00bb font_weight=\u00bb400&#8243; text_transform=\u00bbnone\u00bb sub_heading_character_color=\u00bbrgba(0,0,0,0.4)\u00bb][vc_custom_heading text=\u00bbCalidad \u00bb use_theme_fonts=\u00bbyes\u00bb font_weight=\u00bb400&#8243; text_transform=\u00bbnone\u00bb heading_style=\u00bbheading\u00bb sub_heading_character=\u00bb(ISO 9001:2000) \u00bb sub_heading_character_color=\u00bbrgba(0,0,0,0.4)\u00bb][vc_custom_heading text=\u00bbMedio Ambiente \u00bb use_theme_fonts=\u00bbyes\u00bb font_weight=\u00bb400&#8243; text_transform=\u00bbnone\u00bb heading_style=\u00bbheading\u00bb sub_heading_character=\u00bb(ISO 14001:1996)\u00bb sub_heading_character_color=\u00bbrgba(0,0,0,0.4)\u00bb][vc_custom_heading text=\u00bbSeguridad y Salud Ocupacional\u00bb use_theme_fonts=\u00bbyes\u00bb font_weight=\u00bb400&#8243; text_transform=\u00bbnone\u00bb heading_style=\u00bbheading\u00bb sub_heading_character=\u00bb(IRAM 3800:1998 &#8211; OHSAS 18001:1999)\u00bb sub_heading_character_color=\u00bbrgba(0,0,0,0.4)\u00bb][vc_column_text]La Seguridad y Salud Ocupacional es una parte fundamental de los negocios como as\u00ed tambi\u00e9n un compromiso permanente y prioritario de la Empresa, a trav\u00e9s de la promoci\u00f3n de la Calidad de vida, de productos y servicios, la prevenci\u00f3n de los accidentes de trabajo, el cuidado del Medio Ambiente, mantenimiento y conservaci\u00f3n de los equipos e instalaciones. Para llevar a la pr\u00e1ctica esta pol\u00edtica en las actividades de mantenimiento de instalaciones de la Actividad Petrolera y Gas\u00edfera, y en el servicio Tribol\u00f3gico de Diagn\u00f3stico de Lubricantes y Combustibles, hemos implementado y mejoramos continuamente un Sistema de Gesti\u00f3n documentado. Son nuestros principios: 1. Asignar los recursos necesarios por parte de la direccion para cumplimiento de esta politica y de los objetivos y metas establecidos. 2. Implementar Sistemas de Gestion Ambiental, Calidad y Seguridad y Salud Ocupacional que incluyan programas de: * Prevenir la [&hellip;]<\/p>\n","protected":false},"author":1,"featured_media":0,"parent":0,"menu_order":0,"comment_status":"closed","ping_status":"closed","template":"","meta":[],"post_mailing_queue_ids":[],"_links":{"self":[{"href":"https:\/\/mero.com.ar\/index.php?rest_route=\/wp\/v2\/pages\/16"}],"collection":[{"href":"https:\/\/mero.com.ar\/index.php?rest_route=\/wp\/v2\/pages"}],"about":[{"href":"https:\/\/mero.com.ar\/index.php?rest_route=\/wp\/v2\/types\/page"}],"author":[{"embeddable":true,"href":"https:\/\/mero.com.ar\/index.php?rest_route=\/wp\/v2\/users\/1"}],"replies":[{"embeddable":true,"href":"https:\/\/mero.com.ar\/index.php?rest_route=%2Fwp%2Fv2%2Fcomments&post=16"}],"version-history":[{"count":0,"href":"https:\/\/mero.com.ar\/index.php?rest_route=\/wp\/v2\/pages\/16\/revisions"}],"wp:attachment":[{"href":"https:\/\/mero.com.ar\/index.php?rest_route=%2Fwp%2Fv2%2Fmedia&parent=16"}],"curies":[{"name":"wp","href":"https:\/\/api.w.org\/{rel}","templated":true}]}}